he remainder when 19204582 is divided by 122.
74
Calculate the remainder when 12162957 is divided by 180.
177
What is the remainder when 2948000 is divided by 199?
14
What is the remainder when 66155 is divided by 32443?
1269
What is the remainder when 14282934 is divided by 4340?
4334
Calculate the remainder when 38671 is divided by 6433.
73
Calculate the remainder when 12472909 is divided by 973.
22
What is the remainder when 1948464 is divided by 349?
346
Calculate the remainder when 14553795 is divided by 2910753.
30
What is the remainder when 85321 is divided by 2863?
2294
Calculate the remainder when 4486741 is divided by 833.
203
Calculate the remainder when 8907463 is divided by 101221.
15
What is the remainder when 1334013 is divided by 1492?
165
Calculate the remainder when 4960652 is divided by 59766.
74
Calculate the remainder when 1078482 is divided by 4513.
4388
Calculate the remainder when 271448 is divided by 3083.
144
What is the remainder when 27223299 is divided by 765?
9
What is the remainder when 4299144 is divided by 2149570?
4
What is the remainder when 207084 is divided by 975?
384
Calculate the remainder when 86466 is divided by 28742.
240
Calculate the remainder when 38906212 is divided by 131.
129
What is the remainder when 57180381 is divided by 8399?
8388
Calculate the remainder when 701454437 is divided by 5746.
5741
What is the remainder when 362571 is divided by 40201?
762
What is the remainder when 10844 is divided by 771?
50
What is the remainder when 245663 is divided by 49117?
78
What is the remainder when 3118869 is divided by 1159?
0
What is the remainder when 135800 is divided by 10397?
639
What is the remainder when 310722470 is divided by 1493858?
6
What is the remainder when 144321 is divided by 144118?
203
What is the remainder when 3152670 is divided by 7068?
342
What is the remainder when 62270 is divided by 272?
254
What is the remainder when 501290 is divided by 167074?
68
What is the remainder when 180650 is divided by 1390?
1340
What is the remainder when 32404518 is divided by 63?
27
What is the remainder when 398724 is divided by 66448?
36
What is the remainder when 4606082 is divided by 921212?
22
Calculate the remainder when 925995 is divided by 1574.
483
Calculate the remainder when 18593 is divided by 18476.
117
What is the remainder when 287195739 is divided by 29?
10
What is the remainder when 565447 is divided by 5671?
4018
What is the remainder when 1953457 is divided by 584?
561
Calculate the remainder when 96996505 is divided by 8234.
8219
What is the remainder when 1206277077 is divided by 20?
17
What is the remainder when 170425 is divided by 980?
885
Calculate the remainder when 1833685 is divided by 1244.
29
What is the remainder when 7118791 is divided by 5816?
7
What is the remainder when 392060 is divided by 221?
6
What is the remainder when 5981963 is divided by 558?
203
Calculate the remainder when 13647 is divided by 1651.
439
Calculate the remainder when 910329 is divided by 9289.
7
What is the remainder when 61771737 is divided by 29?
26
What is the remainder when 143794 is divided by 1980?
1234
What is the remainder when 241809650 is divided by 74?
72
What is the remainder when 493824 is divided by 8866?
6194
What is the remainder when 21978 is divided by 457?
42
Calculate the remainder when 22713127 is divided by 134.
127
Calculate the remainder when 3534719 is divided by 1841.
1840
What is the remainder when 1451703 is divided by 28?
15
Calculate the remainder when 88736556 is divided by 1099.
1098
What is the remainder when 80241961 is divided by 7814?
7809
Calculate the remainder when 43570699 is divided by 2842.
2839
Calculate the remainder when 6132637 is divided by 6852.
97
What is the remainder when 128299 is divided by 8876?
4035
Calculate the remainder when 28310312 is divided by 9436767.
11
What is the remainder when 1372280 is divided by 9?
5
What is the remainder when 41235906 is divided by 792998?
10
Calculate the remainder when 1735338 is divided by 2673.
561
Calculate the remainder when 318892 is divided by 106256.
124
What is the remainder when 70170 is divided by 1671?
1659
Calculate the remainder when 19467442 is divided by 7985.
12
Calculate the remainder when 195578 is divided by 272.
10
Calculate the remainder when 40679998 is divided by 72.
70
Calculate the remainder when 2277315 is divided by 94879.
219
Calculate the remainder when 823398 is divided by 1442.
16
Calculate the remainder when 33794 is divided by 10917.
1043
What is the remainder when 828218 is divided by 414098?
22
What is the remainder when 15064214 is divided by 621?
617
What is the remainder when 17365180 is divided by 1157676?
40
What is the remainder when 114395 is divided by 38061?
212
Calculate the remainder when 123333 is divided by 40539.
1716
What is the remainder when 414859 is divided by 1261?
1251
Calculate the remainder when 832009 is divided by 415911.
187
Calculate the remainder when 3405824 is divided by 926.
922
Calculate the remainder when 2406192 is divided by 101.
69
What is the remainder when 66871 is divided by 696?
55
Calculate the remainder when 159491 is divided by 176.
35
Calculate the remainder when 45673820 is divided by 7971.
7961
What is the remainder when 3184740 is divided by 19?
17
What is the remainder when 36346 is divided by 1284?
394
Calculate the remainder when 700173274 is divided by 484.
482
What is the remainder when 26201304 is divided by 13100643?
18
What is the remainder when 35221 is divided by 17475?
271
What is the remainder when 73866194 is divided by 24622045?
59
What is the remainder when 196804 is divided by 1469?
1427
Calculate the remainder when 67203357 is divided by 1582.
1579
What is the remainder when 52261 is divided by 6441?
733
What is the remainder when 59030 is divided by 3103?
73
What is the remainder when 115032 is divided by 222?
36
What is the remainder when 7417 is divided by 6586?
831
Calculate the remainder when 652665 is divided by 581.
202
What is the remainder when 645254 is divided by 35832?
278
Calculate the remainder when 76480233 is divided by 81797.
38
Calculate the remainder when 115971 is divided by 16503.
450
What is the remainder when 409474 is divided by 20313?
3214
Calculate the remainder when 67486 is divided by 57.
55
Calculate the remainder when 17366223 is divided by 596.
571
Calculate the remainder when 86819 is divided by 7488.
4451
What is the remainder when 158125077 is divided by 4?
1
What is the remainder when 2321587843 is divided by 645?
643
Calculate the remainder when 5361 is divided by 2639.
83
What is the remainder when 162598 is divided by 53381?
2455
What is the remainder when 319401 is divided by 11192?
6025
What is the remainder when 403643 is divided by 11?
9
Calculate the remainder when 258108 is divided by 24.
12
Calculate the remainder when 100629816 is divided by 470.
466
What is the remainder when 26665 is divided by 5096?
1185
Calculate the remainder when 1330709 is divided by 265912.
1149
Calculate the remainder when 9282031 is divided by 190.
151
Calculate the remainder when 8946 is divided by 5878.
3068
Calculate the remainder when 649955 is divided by 324382.
1191
Calculate the remainder when 15147191 is divided by 162.
29
Calculate the remainder when 18766631 is divided by 45330.
11
Calculate the remainder when 29812 is divided by 29398.
414
Calculate the remainder when 27700997 is divided by 13666.
15
Calculate the remainder when 15090426 is divided by 124.
122
What is the remainder when 9706 is divided by 1261?
879
What is the remainder when 284244 is divided by 14434?
9998
Calculate the remainder when 1714059 is divided by 21696.
75
Calculate the remainder when 1015193 is divided by 3997.
3952
What is the remainder when 45394677 is divided by 115?
37
What is the remainder when 9043717 is divided by 2260925?
17
What is the remainder when 624944857 is divided by 1303?
1300
Calculate the remainder when 126643 is divided by 880.
803
Calculate the remainder when 14789154 is divided by 4929705.
39
What is the remainder when 6972 is divided by 2?
0
Calculate the remainder when 4557123 is divided by 124.
123
What is the remainder when 465234 is divided by 13292?
14
What